{"id":11689,"date":"2025-10-16T21:31:41","date_gmt":"2025-10-16T19:31:41","guid":{"rendered":"https:\/\/ary.eu\/?page_id=11689"},"modified":"2025-12-11T15:15:47","modified_gmt":"2025-12-11T14:15:47","slug":"cpiglobal","status":"publish","type":"page","link":"https:\/\/ary.eu\/index.php\/cpiglobal\/","title":{"rendered":"CPIGLOBAL"},"content":{"rendered":"\t\t<div data-elementor-type=\"wp-page\" data-elementor-id=\"11689\" class=\"elementor elementor-11689\" data-elementor-post-type=\"page\">\n\t\t\t\t<div class=\"elementor-element elementor-element-76dc9ce e-flex e-con-boxed e-con e-parent\" data-id=\"76dc9ce\" data-element_type=\"container\">\n\t\t\t\t\t<div class=\"e-con-inner\">\n\t\t\t\t\t<\/div>\n\t\t\t\t<\/div>\n\t\t<div class=\"elementor-element elementor-element-5ec1164 e-flex e-con-boxed e-con e-parent\" data-id=\"5ec1164\" data-element_type=\"container\">\n\t\t\t\t\t<div class=\"e-con-inner\">\n\t\t\t\t<div class=\"elementor-element elementor-element-5a85e7c elementor-widget elementor-widget-link-in-bio\" data-id=\"5a85e7c\" data-element_type=\"widget\" data-widget_type=\"link-in-bio.default\">\n\t\t\t\t<div class=\"elementor-widget-container\">\n\t\t\t\t\t\t\t<div class=\"e-link-in-bio e-link-in-bio\">\n\t\t\t<div class=\"e-link-in-bio__content\">\n\n\t\t\t\t\t\t<div class=\"e-link-in-bio__identity\">\n\t\t\t\t\t\t\t\t\t<div class=\"e-link-in-bio__identity-image e-link-in-bio__identity-image-cover\">\n\t\t\t\t\t\t\t<img fetchpriority=\"high\" decoding=\"async\" width=\"300\" height=\"169\" src=\"https:\/\/ary.eu\/wp-content\/uploads\/2025\/09\/Capture-decran-2025-09-09-a-10.48.32-300x169.png\" class=\"e-link-in-bio__identity-image-element\" alt=\"\" srcset=\"https:\/\/ary.eu\/wp-content\/uploads\/2025\/09\/Capture-decran-2025-09-09-a-10.48.32-300x169.png 300w, https:\/\/ary.eu\/wp-content\/uploads\/2025\/09\/Capture-decran-2025-09-09-a-10.48.32.png 580w\" sizes=\"(max-width: 300px) 100vw, 300px\" \/>\t\t\t\t\t\t\t\t\t\t\t\t\t<\/div>\n\t\t\t\t\t\t\t<\/div>\n\t\t\t\t<div class=\"e-link-in-bio__icons has-size-small\">\n\t\t\t\t\t\t\t<div class=\"e-link-in-bio__icon is-size-small\">\n\t\t\t\t\t<a aria-label=\"Email\" class=\"e-link-in-bio__icon-link\" href=\"mailto:pascal@agence-desial.com?subject=CPI\">\n\t\t\t\t\t\t<span class=\"e-link-in-bio__icon-svg\">\n\t\t\t\t\t\t\t<i aria-hidden=\"true\" class=\"fas fa-envelope\"><\/i>\t\t\t\t\t\t<\/span>\n\t\t\t\t\t\t\t\t\t\t\t<\/a>\n\t\t\t\t<\/div>\n\t\t\t\t\t<\/div>\n\t\t\n\t\t<div class=\"e-link-in-bio__ctas has-type-button\">\n\t\t\t\t\t\t\t<a href=\"https:\/\/ary.eu\/wp-content\/uploads\/2025\/09\/MArycompresseCPI.mp4\" target=\"_blank\" rel=\"noopener \" class=\"e-link-in-bio__cta is-type-button has-border has-corners-rounded\">\n\t\t\t\t\t\t\t\t\t\t<span class=\"e-link-in-bio__cta-text\">\n\t\t\t\t\t\tVideo\t\t\t\t\t<\/span>\n\t\t\t\t<\/a>\n\t\t\t\t\t\t\t<a href=\"https:\/\/ary.eu\/wp-content\/uploads\/2025\/09\/PresentationCompresse.pdf\" target=\"_blank\" rel=\"noopener \" class=\"e-link-in-bio__cta is-type-button has-border has-corners-rounded\">\n\t\t\t\t\t\t\t\t\t\t<span class=\"e-link-in-bio__cta-text\">\n\t\t\t\t\t\tPr\u00e9sentation de CPI\t\t\t\t\t<\/span>\n\t\t\t\t<\/a>\n\t\t\t\t\t\t\t<a href=\"https:\/\/ary.eu\/wp-content\/uploads\/2025\/09\/Approche-et-RSE-CPI-Presentation-2025.pdf\" class=\"e-link-in-bio__cta is-type-button has-border has-corners-rounded\">\n\t\t\t\t\t\t\t\t\t\t<span class=\"e-link-in-bio__cta-text\">\n\t\t\t\t\t\tApproche - RSE\t\t\t\t\t<\/span>\n\t\t\t\t<\/a>\n\t\t\t\t\t\t\t<a href=\"https:\/\/ary.eu\/wp-content\/uploads\/2025\/09\/Installation-et-Facilities-CPI-.pdf\" target=\"_blank\" rel=\"noopener \" class=\"e-link-in-bio__cta is-type-button has-border has-corners-rounded\">\n\t\t\t\t\t\t\t\t\t\t<span class=\"e-link-in-bio__cta-text\">\n\t\t\t\t\t\tInstallation &amp; Facilities\t\t\t\t\t<\/span>\n\t\t\t\t<\/a>\n\t\t\t\t\t\t\t<a href=\"https:\/\/linktr.ee\/Ag_Desial35_mobilier_PRO\" target=\"_blank\" rel=\"noopener \" class=\"e-link-in-bio__cta is-type-button has-border has-corners-rounded\">\n\t\t\t\t\t\t\t\t\t\t<span class=\"e-link-in-bio__cta-text\">\n\t\t\t\t\t\tLinktree de Pascal\t\t\t\t\t<\/span>\n\t\t\t\t<\/a>\n\t\t\t\t\t<\/div>\n\t\t\n\t\t\t<\/div>\n\t\t\t<div class=\"e-link-in-bio__bg\">\n\t\t\t\t<div class=\"e-link-in-bio__bg-overlay\"><\/div>\n\t\t\t<\/div>\n\t\t<\/div>\n\t\t\t\t\t\t<\/div>\n\t\t\t\t<\/div>\n\t\t\t\t\t<\/div>\n\t\t\t\t<\/div>\n\t\t<div class=\"elementor-element elementor-element-6258f1e e-flex e-con-boxed e-con e-parent\" data-id=\"6258f1e\" data-element_type=\"container\">\n\t\t\t\t\t<div class=\"e-con-inner\">\n\t\t\t\t<div class=\"elementor-element elementor-element-263be87 elementor-widget elementor-widget-html\" data-id=\"263be87\" data-element_type=\"widget\" data-widget_type=\"html.default\">\n\t\t\t\t<div class=\"elementor-widget-container\">\n\t\t\t\t\t<!DOCTYPE html>\n<html lang=\"fr\">\n<head>\n    <meta charset=\"UTF-8\">\n    <meta name=\"viewport\" content=\"width=device-width, initial-scale=1.0\">\n    <title>Contact Marycard (Version Corrig\u00e9e)<\/title>\n    <style>\n        \/* --- Styles de base pour la page --- *\/\n        body {\n            margin: 0;\n            font-family: -apple-system, BlinkMacSystemFont, \"Segoe UI\", Roboto, Helvetica, Arial, sans-serif;\n            background-color: #f0f2f5;\n        }\n\n        \/* --- Conteneur principal (la carte) --- *\/\n        .contact-card {\n            \/* On garde le positionnement absolu *\/\n            position: absolute;\n\n            \/* NOUVELLE M\u00c9THODE DE CENTRAGE HORIZONTAL *\/\n            width: 90%; \/* La carte prend 90% de la largeur de l'\u00e9cran *\/\n            left: 5%;   \/* On laisse un espace de 5% \u00e0 gauche. (100% - 90%) \/ 2 = 5% *\/\n            \n            \/* On garde le centrage vertical qui devrait fonctionner *\/\n            top: 50%;\n            transform: translateY(-50%);\n\n            \/* Esth\u00e9tique de la carte (inchang\u00e9e) *\/\n            background-color: #ffffff;\n            border-radius: 12px;\n            box-shadow: 0 4px 12px rgba(0, 0, 0, 0.1);\n            padding: 30px 20px; \/* J'ai un peu r\u00e9duit le padding horizontal pour plus de s\u00e9curit\u00e9 sur petits \u00e9crans *\/\n            box-sizing: border-box;\n            text-align: center;\n        }\n\n        \/* --- Style du texte (inchang\u00e9) --- *\/\n        .contact-card p {\n            margin: 0;\n            font-size: 1.1rem;\n            line-height: 1.6;\n            color: #333;\n        }\n\n        \/* --- Style des liens (inchang\u00e9) --- *\/\n        .contact-card a {\n            color: #007bff;\n            text-decoration: none;\n            font-weight: 500;\n            transition: color 0.2s ease-in-out;\n        }\n\n        .contact-card a:hover {\n            color: #0056b3;\n            text-decoration: underline;\n        }\n    <\/style>\n<\/head>\n<body>\n\n    <div class=\"contact-card\">\n        <p>\n            Vous souhaitez en savoir plus sur les possibilit\u00e9s de cette carte ?<br>\n            Contactez <a href=\"mailto:mpheurtier@ary.eu\">mpheurtier@ary.eu<\/a> ou visitez notre site <a href=\"http:\/\/www.marycard.fr\" target=\"_blank\" rel=\"noopener noreferrer\">www.marycard.fr<\/a>.\n        <\/p>\n    <\/div>\n\n<\/body>\n<\/html>\t\t\t\t<\/div>\n\t\t\t\t<\/div>\n\t\t\t\t\t<\/div>\n\t\t\t\t<\/div>\n\t\t\t\t<\/div>\n\t\t","protected":false},"excerpt":{"rendered":"<p>Video Pr\u00e9sentation de CPI Approche &#8211; RSE Installation &amp; Facilities Linktree de Pascal Contact Marycard (Version Corrig\u00e9e) Vous souhaitez en savoir plus sur les possibilit\u00e9s de cette carte ? Contactez mpheurtier@ary.eu ou visitez notre site www.marycard.fr.<\/p>\n","protected":false},"author":1,"featured_media":0,"parent":0,"menu_order":0,"comment_status":"closed","ping_status":"closed","template":"elementor_canvas","meta":{"footnotes":""},"class_list":["post-11689","page","type-page","status-publish","hentry"],"yoast_head":"<!-- This site is optimized with the Yoast SEO plugin v26.8 - https:\/\/yoast.com\/product\/yoast-seo-wordpress\/ -->\n<title>CPIGLOBAL - Ary<\/title>\n<meta name=\"robots\" content=\"index, follow, max-snippet:-1, max-image-preview:large, max-video-preview:-1\" \/>\n<link rel=\"canonical\" href=\"https:\/\/ary.eu\/index.php\/cpiglobal\/\" \/>\n<meta property=\"og:locale\" content=\"fr_FR\" \/>\n<meta property=\"og:type\" content=\"article\" \/>\n<meta property=\"og:title\" content=\"CPIGLOBAL - Ary\" \/>\n<meta property=\"og:description\" content=\"Video Pr\u00e9sentation de CPI Approche &#8211; RSE Installation &amp; Facilities Linktree de Pascal Contact Marycard (Version Corrig\u00e9e) Vous souhaitez en savoir plus sur les possibilit\u00e9s de cette carte ? Contactez mpheurtier@ary.eu ou visitez notre site www.marycard.fr.\" \/>\n<meta property=\"og:url\" content=\"https:\/\/ary.eu\/index.php\/cpiglobal\/\" \/>\n<meta property=\"og:site_name\" content=\"Ary\" \/>\n<meta property=\"article:modified_time\" content=\"2025-12-11T14:15:47+00:00\" \/>\n<meta property=\"og:image\" content=\"https:\/\/ary.eu\/wp-content\/uploads\/2025\/09\/Capture-decran-2025-09-09-a-10.48.32-300x169.png\" \/>\n<meta name=\"twitter:card\" content=\"summary_large_image\" \/>\n<meta name=\"twitter:label1\" content=\"Dur\u00e9e de lecture estim\u00e9e\" \/>\n\t<meta name=\"twitter:data1\" content=\"1 minute\" \/>\n<script type=\"application\/ld+json\" class=\"yoast-schema-graph\">{\"@context\":\"https:\/\/schema.org\",\"@graph\":[{\"@type\":\"WebPage\",\"@id\":\"https:\/\/ary.eu\/index.php\/cpiglobal\/\",\"url\":\"https:\/\/ary.eu\/index.php\/cpiglobal\/\",\"name\":\"CPIGLOBAL - Ary\",\"isPartOf\":{\"@id\":\"https:\/\/ary.eu\/#website\"},\"primaryImageOfPage\":{\"@id\":\"https:\/\/ary.eu\/index.php\/cpiglobal\/#primaryimage\"},\"image\":{\"@id\":\"https:\/\/ary.eu\/index.php\/cpiglobal\/#primaryimage\"},\"thumbnailUrl\":\"https:\/\/ary.eu\/wp-content\/uploads\/2025\/09\/Capture-decran-2025-09-09-a-10.48.32-300x169.png\",\"datePublished\":\"2025-10-16T19:31:41+00:00\",\"dateModified\":\"2025-12-11T14:15:47+00:00\",\"breadcrumb\":{\"@id\":\"https:\/\/ary.eu\/index.php\/cpiglobal\/#breadcrumb\"},\"inLanguage\":\"fr-FR\",\"potentialAction\":[{\"@type\":\"ReadAction\",\"target\":[\"https:\/\/ary.eu\/index.php\/cpiglobal\/\"]}]},{\"@type\":\"ImageObject\",\"inLanguage\":\"fr-FR\",\"@id\":\"https:\/\/ary.eu\/index.php\/cpiglobal\/#primaryimage\",\"url\":\"https:\/\/ary.eu\/wp-content\/uploads\/2025\/09\/Capture-decran-2025-09-09-a-10.48.32.png\",\"contentUrl\":\"https:\/\/ary.eu\/wp-content\/uploads\/2025\/09\/Capture-decran-2025-09-09-a-10.48.32.png\",\"width\":580,\"height\":326},{\"@type\":\"BreadcrumbList\",\"@id\":\"https:\/\/ary.eu\/index.php\/cpiglobal\/#breadcrumb\",\"itemListElement\":[{\"@type\":\"ListItem\",\"position\":1,\"name\":\"Accueil\",\"item\":\"https:\/\/ary.eu\/\"},{\"@type\":\"ListItem\",\"position\":2,\"name\":\"CPIGLOBAL\"}]},{\"@type\":\"WebSite\",\"@id\":\"https:\/\/ary.eu\/#website\",\"url\":\"https:\/\/ary.eu\/\",\"name\":\"Ary\",\"description\":\"Cr\u00e9ez un lien \u00e9motionnel avec vos clients, partout, \u00e0 tout moment\",\"publisher\":{\"@id\":\"https:\/\/ary.eu\/#organization\"},\"potentialAction\":[{\"@type\":\"SearchAction\",\"target\":{\"@type\":\"EntryPoint\",\"urlTemplate\":\"https:\/\/ary.eu\/?s={search_term_string}\"},\"query-input\":{\"@type\":\"PropertyValueSpecification\",\"valueRequired\":true,\"valueName\":\"search_term_string\"}}],\"inLanguage\":\"fr-FR\"},{\"@type\":\"Organization\",\"@id\":\"https:\/\/ary.eu\/#organization\",\"name\":\"Ary\",\"url\":\"https:\/\/ary.eu\/\",\"logo\":{\"@type\":\"ImageObject\",\"inLanguage\":\"fr-FR\",\"@id\":\"https:\/\/ary.eu\/#\/schema\/logo\/image\/\",\"url\":\"https:\/\/ary.eu\/wp-content\/uploads\/2022\/11\/cropped-icone_o.png\",\"contentUrl\":\"https:\/\/ary.eu\/wp-content\/uploads\/2022\/11\/cropped-icone_o.png\",\"width\":512,\"height\":512,\"caption\":\"Ary\"},\"image\":{\"@id\":\"https:\/\/ary.eu\/#\/schema\/logo\/image\/\"}}]}<\/script>\n<!-- \/ Yoast SEO plugin. -->","yoast_head_json":{"title":"CPIGLOBAL - Ary","robots":{"index":"index","follow":"follow","max-snippet":"max-snippet:-1","max-image-preview":"max-image-preview:large","max-video-preview":"max-video-preview:-1"},"canonical":"https:\/\/ary.eu\/index.php\/cpiglobal\/","og_locale":"fr_FR","og_type":"article","og_title":"CPIGLOBAL - Ary","og_description":"Video Pr\u00e9sentation de CPI Approche &#8211; RSE Installation &amp; Facilities Linktree de Pascal Contact Marycard (Version Corrig\u00e9e) Vous souhaitez en savoir plus sur les possibilit\u00e9s de cette carte ? Contactez mpheurtier@ary.eu ou visitez notre site www.marycard.fr.","og_url":"https:\/\/ary.eu\/index.php\/cpiglobal\/","og_site_name":"Ary","article_modified_time":"2025-12-11T14:15:47+00:00","og_image":[{"url":"https:\/\/ary.eu\/wp-content\/uploads\/2025\/09\/Capture-decran-2025-09-09-a-10.48.32-300x169.png","type":"","width":"","height":""}],"twitter_card":"summary_large_image","twitter_misc":{"Dur\u00e9e de lecture estim\u00e9e":"1 minute"},"schema":{"@context":"https:\/\/schema.org","@graph":[{"@type":"WebPage","@id":"https:\/\/ary.eu\/index.php\/cpiglobal\/","url":"https:\/\/ary.eu\/index.php\/cpiglobal\/","name":"CPIGLOBAL - Ary","isPartOf":{"@id":"https:\/\/ary.eu\/#website"},"primaryImageOfPage":{"@id":"https:\/\/ary.eu\/index.php\/cpiglobal\/#primaryimage"},"image":{"@id":"https:\/\/ary.eu\/index.php\/cpiglobal\/#primaryimage"},"thumbnailUrl":"https:\/\/ary.eu\/wp-content\/uploads\/2025\/09\/Capture-decran-2025-09-09-a-10.48.32-300x169.png","datePublished":"2025-10-16T19:31:41+00:00","dateModified":"2025-12-11T14:15:47+00:00","breadcrumb":{"@id":"https:\/\/ary.eu\/index.php\/cpiglobal\/#breadcrumb"},"inLanguage":"fr-FR","potentialAction":[{"@type":"ReadAction","target":["https:\/\/ary.eu\/index.php\/cpiglobal\/"]}]},{"@type":"ImageObject","inLanguage":"fr-FR","@id":"https:\/\/ary.eu\/index.php\/cpiglobal\/#primaryimage","url":"https:\/\/ary.eu\/wp-content\/uploads\/2025\/09\/Capture-decran-2025-09-09-a-10.48.32.png","contentUrl":"https:\/\/ary.eu\/wp-content\/uploads\/2025\/09\/Capture-decran-2025-09-09-a-10.48.32.png","width":580,"height":326},{"@type":"BreadcrumbList","@id":"https:\/\/ary.eu\/index.php\/cpiglobal\/#breadcrumb","itemListElement":[{"@type":"ListItem","position":1,"name":"Accueil","item":"https:\/\/ary.eu\/"},{"@type":"ListItem","position":2,"name":"CPIGLOBAL"}]},{"@type":"WebSite","@id":"https:\/\/ary.eu\/#website","url":"https:\/\/ary.eu\/","name":"Ary","description":"Cr\u00e9ez un lien \u00e9motionnel avec vos clients, partout, \u00e0 tout moment","publisher":{"@id":"https:\/\/ary.eu\/#organization"},"potentialAction":[{"@type":"SearchAction","target":{"@type":"EntryPoint","urlTemplate":"https:\/\/ary.eu\/?s={search_term_string}"},"query-input":{"@type":"PropertyValueSpecification","valueRequired":true,"valueName":"search_term_string"}}],"inLanguage":"fr-FR"},{"@type":"Organization","@id":"https:\/\/ary.eu\/#organization","name":"Ary","url":"https:\/\/ary.eu\/","logo":{"@type":"ImageObject","inLanguage":"fr-FR","@id":"https:\/\/ary.eu\/#\/schema\/logo\/image\/","url":"https:\/\/ary.eu\/wp-content\/uploads\/2022\/11\/cropped-icone_o.png","contentUrl":"https:\/\/ary.eu\/wp-content\/uploads\/2022\/11\/cropped-icone_o.png","width":512,"height":512,"caption":"Ary"},"image":{"@id":"https:\/\/ary.eu\/#\/schema\/logo\/image\/"}}]}},"_links":{"self":[{"href":"https:\/\/ary.eu\/index.php\/wp-json\/wp\/v2\/pages\/11689","targetHints":{"allow":["GET"]}}],"collection":[{"href":"https:\/\/ary.eu\/index.php\/wp-json\/wp\/v2\/pages"}],"about":[{"href":"https:\/\/ary.eu\/index.php\/wp-json\/wp\/v2\/types\/page"}],"author":[{"embeddable":true,"href":"https:\/\/ary.eu\/index.php\/wp-json\/wp\/v2\/users\/1"}],"replies":[{"embeddable":true,"href":"https:\/\/ary.eu\/index.php\/wp-json\/wp\/v2\/comments?post=11689"}],"version-history":[{"count":13,"href":"https:\/\/ary.eu\/index.php\/wp-json\/wp\/v2\/pages\/11689\/revisions"}],"predecessor-version":[{"id":11824,"href":"https:\/\/ary.eu\/index.php\/wp-json\/wp\/v2\/pages\/11689\/revisions\/11824"}],"wp:attachment":[{"href":"https:\/\/ary.eu\/index.php\/wp-json\/wp\/v2\/media?parent=11689"}],"curies":[{"name":"wp","href":"https:\/\/api.w.org\/{rel}","templated":true}]}}